j**2 - 5*j + 27. What are the prime factors of x(-4)?
13, 1163
Let o(l) = -l**2 - 4*l + 8. Let q be o(5). Let m = q - -73. Let z = m - 32. What are the prime factors of z?
2
Suppose -g + 3385 = -5*n + 4*g, 5*n + 3384 = 4*g. Let a = n - -1591. What are the prime factors of a?
3, 5, 61
Suppose 0 = -21*j - 101*j - 1813983 + 10115107. What are the prime factors of j?
2, 13, 2617
Suppose 0 = -3*t + 3*y - 6*y + 189, -3*t + 189 = 2*y. Suppose 130 = u + u. Let m = u - t. What are the prime factors of m?
2
Suppose -90*p + 781228 = 114*p - 2801624. List the prime factors of p.
7, 13, 193
Suppose k = -3*b + 5903, -30 = 19*b - 14*b. List the prime factors of k.
31, 191
Suppose 45*o - 391296 = 679119. What are the prime factors of o?
3, 881
Let o(j) = -2*j + 8*j - 6*j**3 + 3 - 13 + 5*j**3 + 4*j**2. Let m = 263 - 259. What are the prime factors of o(m)?
2, 7
Let h(f) = 6*f**2 - 6*f - 234. Let w be h(-11). Suppose -g - 8*b = -11*b - w, -5*b = 5*g - 2830. What are the prime factors of g?
2, 3, 47
Suppose p + 87 - 90 = 0. Let b(g) = -4*g**2 - 5*g + 2*g**2 + 2*g + p*g**2 + 1. What are the prime factors of b(-7)?
71
Suppose -14888 = -4*g + g - 1892. What are the prime factors of g?
2, 3, 19
Suppose 13582 = -24*u + 107758. What are the prime factors of u?
2, 3, 109
List the prime factors of (-888 - -890)/((-3140)/(-1569) + -2).
3, 523
Let v = 12742 - 4744. What are the prime factors of v?
2, 3, 31, 43
Let t = 22715 + 35135. What are the prime factors of t?
2, 5, 13, 89
Suppose 2158 = 17*t - 5730. Suppose -i = -5*i - 12, 4*i - t = -4*j. What are the prime factors of j?
7, 17
Let u(z) = 6*z - 104. Let b be u(13). What are the prime factors of (-20076)/b + (-4)/26?
2, 193
What are the prime factors of ((-114)/(-133))/(27/420399)?
2, 6673
Suppose -5*t = -5*b - 4*t + 50, 0 = 5*b - 5*t - 70. Suppose -952 = -b*h - 169. What are the prime factors of h?
3, 29
Suppose 154*u - 8103839 = -183*u. What are the prime factors of u?
139, 173
Let p be (0 - -1966)/(-4 + 6). Suppose 4*h - 829 = p. What are the prime factors of h?
3, 151
Let z be (4 - 7) + 3 - -28. Suppose -23*m + 320 = -z*m. Let t = -14 - m. List the prime factors of t.
2, 5
Suppose 76*x + 95*x = 1040022. What are the prime factors of x?
2, 3041
Let f(s) = s**3 + 32*s**2 + 15*s + 14. Let i be f(-30). Suppose 0 = -26*m + 22*m + i. List the prime factors of m.
11, 31
Let p be ((-126)/(-1))/(27/738). Let o be p/(-14)*(-1 - 0). Suppose -4*g + 4*k = -184, 7*k = -5*g + 4*k + o. What are the prime factors of g?
2, 3
Let p(u) = -13*u + 32. Let s be p(20). Let a = s - -245. List the prime factors of a.
17
Let r(u) = -u**3 + 17*u**2 - 11*u - 39. Let f be r(16). Suppose 9866 = f*a - 72216. What are the prime factors of a?
2, 7, 11, 13
Let o(m) = 126*m**2 - 28. Let p(s) = -2 - 3 - 1 + 5. Let c(a) = o(a) - 28*p(a). List the prime factors of c(-1).
2, 3, 7
Let n = -36258 + 54168. What are the prime factors of n?
2, 3, 5, 199
Let i = 1751 + 9376. What are the prime factors of i?
3, 3709
Let k(q) = 10*q**3 - 2*q**2 + q - 23. Let c = 583 + -580. What are the prime factors of k(c)?
2, 29
Let v(o) = 16*o**3 + 2*o**2 - 210*o - 76. List the prime factors of v(12).
2, 5, 7, 181
Let s(x) = 303*x**2 + 2*x - 4. Let k be s(3). List the prime factors of (k + -2)*22/66.
3, 101
Let y = -45 - -53. Suppose 1812 = y*c - 2284. What are the prime factors of c?
2
Let u(g) = -g**3 + 9*g**2 - g + 15. Let w be u(9). Suppose -6 + 66 = w*k. Let x = k - -54. What are the prime factors of x?
2
Let f be -4 + 33/9 - 325308/(-36). Suppose 152*l - 134*l = f. What are the prime factors of l?
2, 251
Let c = 11 - 10. Suppose 5*h + 5 = -3*m, -h - 2*m - 1 = -6*m. List the prime factors of h/(-2)*(143 - c).
71
Suppose 19*h - 25*h + 24 = 0. Let w be 16*((-1)/(h/(-16)) + 72). Suppose -3*k + 920 = 5*j, 4*k + 0*j + 4*j - w = 0. What are the prime factors of k?
2, 3, 5
Let c be 83 - (2 + -1*(1 + 0)). Suppose 2*m + c = -0*m. Let b = m + 127. List the prime factors of b.
2, 43
Suppose 581*j - 737716 = 1244075. List the prime factors of j.
3, 379
Suppose -h - 2*h - 37 = -q, 0 = -3*q + 3. Let t be 0/(4/h*3). Suppose t = 4*o - 8*o + 356. What are the prime factors of o?
89
Let y(m) = -4*m**2 - 9*m - 25. Let g(v) = 5*v**2 + 9*v + 24. Let h(z) = 5*g(z) + 6*y(z). What are the prime factors of h(-12)?
2, 3, 37
Suppose 14*r - 67660 = -6*r. Suppose -9*b + 12842 = r. List the prime factors of b.
1051
Suppose -117*c + 590*c = -248*c + 45541965. List the prime factors of c.
3, 5, 4211
Suppose -67*b + 807558 - 102380 = -165420. List the prime factors of b.
2, 73, 89
Suppose -3*k + 47989 = 2*u, 4*u - 25675 = -2*k + 6299. List the prime factors of k.
16001
Suppose 27*s - 192138 = 64578. What are the prime factors of s?
2, 2377
Let f(j) = -20*j + 31. Let p(u) = -u**3 + 17*u**2 + 82*u + 16. Let v be p(21). What are the prime factors of f(v)?
19, 29
Suppose 274*j + 272160 = 304*j. What are the prime factors of j?
2, 3, 7
List the prime factors of (6724/14)/((-180)/(-3150)).
5, 41
Suppose 5*r = -s - 226, -2*s + 223 = -3*r - 2*r. Let m be 54/r*10/4. List the prime factors of 34/2 + m + 0.
2, 7
Suppose -29972 = 8*u + 4084. Let m = -2439 - u. What are the prime factors of m?
2, 3, 101
Let o be 25/10*(-492)/(-15). Let r = 91 - o. Suppose -4*p + r = s - 15, 2*s - 12 = 4*p. What are the prime factors of s?
2, 3
Let l be -3 + (-115)/(-35) - (-17615)/(-35). Let p = 535 + l. List the prime factors of p.
2
Let r = -118885 - -68315. List the prime factors of (0 - 6/(-15))/((-13)/r).
2, 389
Let a = 88392 + -59460. List the prime factors of a.
2, 3, 2411
Suppose -4151 = -23*s - 310. What are the prime factors of s?
167
Suppose 814 = 50*n - 186. Suppose -3*h = -5*x - 2184, h = -n*x + 25*x + 738. List the prime factors of h.
3, 241
Let x(y) = 532*y + 664. List the prime factors of x(14).
2, 3, 13
Suppose -9*a + 0*a = -234. Let u be 104/18 + a/117. Suppose d = 4*t + 177, 3*d - 7*t - 553 = -u*t. What are the prime factors of d?
5, 37
Let y(k) = -26 - 57*k - 67*k - 56*k + 152*k. List the prime factors of y(-2).
2, 3, 5
List the prime factors of 7723 + 8/(-24)*-33.
2, 3, 1289
Let l = 25047 + -13884. List the prime factors of l.
3, 61
Let v(l) = -l**3 + 98*l**2 + 740*l + 263. List the prime factors of v(101).
2, 3, 5, 37
Let p = 49844 - 3189. What are the prime factors of p?
5, 7, 31, 43
Let j be ((-2)/(-8))/(9/36). Let p be j*-1*(-21)/(-3 + 6). Suppose 189 = 7*u - p. List the prime factors of u.
2, 7
Let g = 8936 + -629. What are the prime factors of g?
3, 13, 71
Let d(g) = 11*g**2 + 59*g + 7. What are the prime factors of d(21)?
7, 13, 67
Suppose 19*z + 6169 + 29532 = 0. Let q = -1016 - z. What are the prime factors of q?
863
Suppose 91 = 3*f + 4*f. Suppose -f*y = -54 + 2. Suppose 3*s + 174 = y*o - 409, 0 = 5*o - s - 715. What are the prime factors of o?
2, 71
Suppose -3*d = 2*s - 65470, -d = 2*s - 29489 - 35985. List the prime factors of s.
2, 16369
Let p(w) = -w**3 + 18*w**2 + 18*w + 22. Let r be p(19). Let t be 2/(r + -2)*(8 + -4). List the prime factors of 33*(-1)/(-6)*t.
2, 11
Let m(n) = -34*n - 22. Suppose -22 = 11*r - 121. Let x be m(r). Let v = 490 + x. List the prime factors of v.
2, 3
Let g(w) = -38*w**3 - 2*w**2 + 4*w + 3. Suppose -h + 3*f + 13 = 0, 0*h - 3*h - 2*f = 16. List the prime factors of g(h).
3, 97
Suppose -2*f - 224154 = -4*u, 81481 - 25432 = u + f. List the prime factors of u.
2, 7, 4003
Suppose y - 5*y - 6748 = 0. Let l = y - -2617. Suppose -33*m - l = -39*m. What are the prime factors of m?
5, 31
Let h = 364 - 361. Suppose -9*z + h*z + 3228 = 0. List the prime factors of z.
2, 269
Suppose -4*l - 3*u - 7328 = -35828, -5*u = -2*l + 14276. List the prime factors of l.
2, 3, 11
Let d(s) = -8 + 282*s - 125*s - 121*s. Suppose 4*q - 10 - 2 = 0. List the prime factors of d(q).
2, 5
Let a = -2399 - -3295. What are the prime factors of a?
2, 7
Suppose -5 = 5*q, -98 - 1946 = -2*p + 2*q. Suppose 8*j - 25 = 3*j, 2*a = -5*j + p. What are the prime factors of a?
2, 3, 83
Let i(h) = 10*h + 213. Suppose 0 = -3*x + 2*g + 10, -g - 7 = x - 2. Let s be i(x). Let p = 304 - s. List the prime factors of p.
7, 13
List the prime factors of (-110475)/(-63) - 11 - 4/7.
2, 13, 67
Suppose -5*u + 245 = -3*z, -3*z - 2*z = 2*u - 98. Suppose -2*j + 367 = -u. Let h = -132 + j. List the prime factors of h.
2, 19
Sup